vided by 2819?
21
Calculate the remainder when 8353732 is divided by 6446.
6162
What is the remainder when 777736 is divided by 16544?
168
Calculate the remainder when 1398081 is divided by 1523.
1490
Calculate the remainder when 741693 is divided by 49445.
18
What is the remainder when 73929026 is divided by 19?
7
Calculate the remainder when 320206 is divided by 52.
42
What is the remainder when 358232 is divided by 467?
43
What is the remainder when 67425 is divided by 272?
241
Calculate the remainder when 856886 is divided by 499.
103
What is the remainder when 33179 is divided by 651?
629
Calculate the remainder when 25816 is divided by 1120.
56
Calculate the remainder when 228340 is divided by 113635.
1070
Calculate the remainder when 1307968 is divided by 12830.
12138
Calculate the remainder when 41353455 is divided by 289185.
0
Calculate the remainder when 910620 is divided by 36420.
120
Calculate the remainder when 33300401 is divided by 1225.
1
What is the remainder when 854240 is divided by 11094?
2
Calculate the remainder when 233517 is divided by 14270.
5197
What is the remainder when 43516 is divided by 5434?
44
Calculate the remainder when 35819712 is divided by 11939882.
66
What is the remainder when 5687117 is divided by 270814?
23
Calculate the remainder when 28401790 is divided by 112260.
10
What is the remainder when 441835997 is divided by 7?
1
What is the remainder when 852552 is divided by 3123?
3096
Calculate the remainder when 53403968 is divided by 4450330.
8
Calculate the remainder when 32627747 is divided by 77.
75
Calculate the remainder when 169824 is divided by 84325.
1174
Calculate the remainder when 42775 is divided by 2577.
1543
What is the remainder when 1135229 is divided by 10002?
5003
What is the remainder when 108190 is divided by 69?
67
Calculate the remainder when 1716545 is divided by 1716516.
29
What is the remainder when 27730352 is divided by 6847?
2
Calculate the remainder when 915359 is divided by 83181.
368
Calculate the remainder when 1678442 is divided by 839112.
218
Calculate the remainder when 5771822 is divided by 99514.
10
Calculate the remainder when 1472822 is divided by 25.
22
Calculate the remainder when 88280826 is divided by 568.
562
Calculate the remainder when 13215 is divided by 955.
800
Calculate the remainder when 1928379 is divided by 227.
14
Calculate the remainder when 1188975 is divided by 69939.
12
What is the remainder when 60182427 is divided by 6?
3
Calculate the remainder when 1092817 is divided by 1092059.
758
Calculate the remainder when 640243 is divided by 3783.
916
What is the remainder when 64958 is divided by 10789?
224
Calculate the remainder when 17105 is divided by 2113.
201
What is the remainder when 1679887 is divided by 922?
3
Calculate the remainder when 1378021 is divided by 344491.
57
Calculate the remainder when 137607 is divided by 644.
435
What is the remainder when 17992358 is divided by 179923?
58
What is the remainder when 6117417 is divided by 33?
9
What is the remainder when 7409814 is divided by 187?
126
What is the remainder when 897470 is divided by 2891?
1260
Calculate the remainder when 6166324 is divided by 60.
4
What is the remainder when 240728 is divided by 34354?
250
What is the remainder when 122890 is divided by 40158?
2416
What is the remainder when 1728230 is divided by 3429?
14
What is the remainder when 4313855 is divided by 1848?
623
Calculate the remainder when 2080911 is divided by 67.
25
Calculate the remainder when 5038 is divided by 276.
70
What is the remainder when 592725 is divided by 6892?
13
What is the remainder when 5226242 is divided by 5139?
5018
Calculate the remainder when 669280 is divided by 4157.
3
Calculate the remainder when 5664086 is divided by 5230.
5226
Calculate the remainder when 1576410 is divided by 1576383.
27
What is the remainder when 43985 is divided by 43077?
908
What is the remainder when 154279 is divided by 2841?
865
Calculate the remainder when 6903065 is divided by 6066.
6023
What is the remainder when 1037446 is divided by 3427?
2492
What is the remainder when 43794768 is divided by 4766?
4760
Calculate the remainder when 236173 is divided by 117750.
673
What is the remainder when 692416 is divided by 10?
6
What is the remainder when 3857340 is divided by 1285770?
30
What is the remainder when 4544551 is divided by 757417?
49
What is the remainder when 285652 is divided by 71412?
4
Calculate the remainder when 14307 is divided by 2809.
262
What is the remainder when 164420 is divided by 9366?
5198
What is the remainder when 1373222 is divided by 54?
2
Calculate the remainder when 14096696 is divided by 2070.
2066
What is the remainder when 2113022 is divided by 11610?
2
Calculate the remainder when 46424842 is divided by 5241.
64
What is the remainder when 44021311 is divided by 51?
49
Calculate the remainder when 1289257 is divided by 58.
33
What is the remainder when 951069 is divided by 11?
9
Calculate the remainder when 57229724 is divided by 14307423.
32
What is the remainder when 1845025 is divided by 24599?
100
Calculate the remainder when 338277 is divided by 11.
5
What is the remainder when 118158 is divided by 5896?
238
What is the remainder when 7735574 is divided by 17?
13
Calculate the remainder when 1568852 is divided by 69.
68
What is the remainder when 1517080 is divided by 68947?
246
What is the remainder when 2430280 is divided by 28?
20
What is the remainder when 3847688 is divided by 39262?
12
What is the remainder when 20246525 is divided by 8?
5
Calculate the remainder when 1253861 is divided by 208962.
89
What is the remainder when 469268 is divided by 37?
34
Calculate the remainder when 7360594 is divided by 40.
34
What is the remainder when 133889626 is divided by 1808?
1802
What is the remainder when 20924198 is divided by 9?
8
Calculate the remainder when 495100 is divided by 3930.
3850
What is the remainder when 36850 is divided by 2007?
724
What is the remainder when 130851 is divided by 111?
93
Calculate the remainder when 128477 is divided by 32074.
181
What is the remainder when 1259850 is divided by 9920?
10
Calculate the remainder when 35948 is divided by 84.
80
What is the remainder when 1246911 is divided by 1245692?
1219
What is the remainder when 152500 is divided by 8925?
775
What is the remainder when 562257 is divided by 848?
33
Calculate the remainder when 29216877 is divided by 3740.
3737
Calculate the remainder when 122736228 is divided by 990.
978
Calculate the remainder when 90736 is divided by 75.
61
What is the remainder when 624043 is divided by 56?
35
What is the remainder when 52707 is divided by 5759?
876
What is the remainder when 50056 is divided by 472?
24
Calculate the remainder when 401678 is divided by 726.
200
What is the remainder when 194219 is divided by 903?
74
What is the remainder when 288821 is divided by 41253?
50
Calculate the remainder when 415591 is divided by 51947.
15
Calculate the remainder when 460100402 is divided by 2213.
2211
Calculate the remainder when 19294 is divided by 3498.
1804
What is the remainder when 214702105 is divided by 2115?
2110
Calculate the remainder when 4108643 is divided by 3180.
83
Calculate the remainder when 93089763 is divided by 9.
0
Calculate the remainder when 1319813 is divided by 109971.
161
What is the remainder when 2724856 is divided by 1362426?
4
Calculate the remainder when 2897969 is divided by 611.
607
Calculate the remainder when 151676 is divided by 15163.
46
Calculate the remainder when 7061 is divided by 2353.
2
Calculate the remainder when 991630 is divided by 980.
850
What is the remainder when 38889780 is divided by 3273?
3267
Calculate the remainder when 8390970 is divided by 1701.
1638
Calculate the remainder when 6759978 is divided by 20179.
13
What is the remainder when 445681207 is divided by 65?
62
Calculate the remainder when 1807557 is divided by 1069.
947
Calculate the remainder when 261642 is divided by 5546.
980
What is the remainder when 15781229 is divided by 130?
9
What is the remainder when 505081 is divided by 168002?
1075
Calculate the remainder when 5701083 is divided by 5701070.
13
What is the remainder when 17038883 is divided by 608529?
71
Calcul